d = 442 + -289. Let h = d + -89. What are the prime factors of h?
2
Let j(b) = b**3 + 45*b**2 - 112*b + 245. List the prime factors of j(-46).
17, 193
Suppose 0 = -3*z + 4693 + 4064. What are the prime factors of z?
3, 7, 139
Let g(n) = 228*n**2 + 2*n - 9. List the prime factors of g(-2).
29, 31
Let h(w) = 5*w**3 - 12*w**2 - 22*w + 20. List the prime factors of h(7).
3, 331
Suppose 3*h - h - 3*a - 2206 = 0, 0 = h + 4*a - 1092. What are the prime factors of h?
2, 5, 11
Let z = 23 - 29. List the prime factors of (-2073)/(-33) - z/33.
3, 7
Suppose -o + 1980 = 17*c - 12*c, o - 400 = -c. What are the prime factors of c?
5, 79
Let o(a) be the first derivative of 3*a**2 - 4*a - 5. Let b be o(5). Let u = -16 + b. What are the prime factors of u?
2, 5
Let k = -127 + 113. Let u(q) = 2*q**2 + 18*q + 40. List the prime factors of u(k).
2, 3, 5
Let j(v) = v + 13. Let z be j(-9). Suppose -3*n - 832 = 3*q - 8*q, z*q = -3*n + 644. List the prime factors of q.
2, 41
Let i(r) = 7*r + 0*r**2 - 6*r**2 + 0*r + r**3 - 3*r + 4. List the prime factors of i(8).
2, 41
Let y(w) = -w + 2. Let s be y(0). Suppose s*z + 62 = 4*z. What are the prime factors of z?
31
Suppose 0 = -3*b, -3*t - 4*b + 42 = -66. Let h = 28 + t. What are the prime factors of h?
2
Suppose 0*l = 2*y - 2*l - 22, 5*y = -2*l + 90. Let h = y + 3. What are the prime factors of h?
19
Let p(k) = k**3 + k**2 - 9*k - 5. Let v be p(-3). What are the prime factors of 23/1 + 0*(-5 + v)?
23
Let t = -77 - -394. List the prime factors of t.
317
Let y(r) = 6*r**2 + 25*r - 280. What are the prime factors of y(16)?
2, 3, 23
Let z = 6172 + -3003. List the prime factors of z.
3169
Suppose 3*i - 11 = 1. Suppose -i*o - 8 + 380 = 0. List the prime factors of o.
3, 31
Suppose -t = 2 - 4. Suppose -106 = -t*p + 12. Suppose 2*c - p = -4*j + 7*c, 3*j - 3*c = 48. What are the prime factors of j?
3, 7
Suppose -3*z - 8 - 4 = 0. Let a(w) = -3*w**3 - 3*w**2 - 7*w - 9. What are the prime factors of a(z)?
163
Let c = 10 - -14. Suppose 5*z + 4*m - 16 = 20, c = z + 5*m. List the prime factors of ((-2)/(-3))/(z/162).
3
Suppose -2*r - 4*v - 26 + 2372 = 0, -2*r + 2336 = -v. Suppose 3*z - r = -335. What are the prime factors of z?
2, 139
Let n be 2/6*-3*-7. Suppose -1046 = -n*w + 781. List the prime factors of w.
3, 29
Let l(h) = 298*h - 56. What are the prime factors of l(5)?
2, 3, 239
Let l = 1607 - 1029. What are the prime factors of l?
2, 17
Let x(k) be the first derivative of -30*k**2 + 7*k + 15. What are the prime factors of x(-3)?
11, 17
Suppose -4*y = -6*y + 2. Let a be 0/(y*(-3)/3). Suppose a = 3*g, 0 = -5*m + m - g + 52. What are the prime factors of m?
13
Let t = -13 - -36. Suppose -q + 27 = 2*f, 2*q - 27 = -3*f + t. Suppose -q = -s + 3*h, 2*s = 4*h + h + 43. What are the prime factors of s?
2, 17
Let t = -26 - -30. Suppose -t*j = 2*j + 936. Let w = -91 - j. What are the prime factors of w?
5, 13
What are the prime factors of (2242/4)/((-73)/(-292))?
2, 19, 59
Let c(w) = -w**3 - 10*w**2 + 12*w + 23. Let s(i) = i**2 - 7*i - 11. Let t be s(7). List the prime factors of c(t).
2, 3
Let c = -103 - -480. Suppose -3*r - 5*o = -c, 0*o - 3*o = -5*r + 583. List the prime factors of r.
7, 17
Let f = 409 + -288. What are the prime factors of f?
11
Let q = -88 + 174. What are the prime factors of q?
2, 43
Let j(z) be the second derivative of -z**5/20 + 7*z**4/12 - 5*z**3/6 + z**2/2 + 4*z. What are the prime factors of j(4)?
29
Let z(f) = -f**3 - 11*f**2 - 15*f - 32. Let t be z(-10). Suppose 0 = -16*h + t*h - 618. List the prime factors of h.
3, 103
Suppose 4*b = 4*z - 476, -5*b = 3*z - 157 - 168. List the prime factors of z.
5, 23
Let i(h) = h**3 + 33*h**2 - 103*h - 52. What are the prime factors of i(-35)?
1103
Suppose -4*s - 5*j - 5 = 2, -3*s + 2*j = -12. Suppose s*g - 132 = -22. List the prime factors of g.
5, 11
Let t = 40 - 98. Let h(k) = k**3 + 2*k**2 - k + 2. Let o be h(-4). Let w = o - t. List the prime factors of w.
2
Suppose q + 2*q - 2*v = 9274, 0 = 2*q - 3*v - 6191. List the prime factors of q.
2, 193
Suppose 0 = -93*j + 28199 + 173704. List the prime factors of j.
13, 167
Let l(k) = -35*k + 2. Let n be l(-16). Suppose 5*q - 597 = -4*s, -q = -4*s + q + n. List the prime factors of s.
11, 13
List the prime factors of 647*(-4 + -1 + 6).
647
What are the prime factors of 562/(((-24)/(-84))/((-2)/(-14)))?
281
Let y be (29/(-4))/(6/(-216)). Suppose -12*l - 3 = -13*l, l - y = -3*z. What are the prime factors of z?
2, 43
Suppose 2*k = -3*p - k + 15, -3 = -3*k. Let t be 147 + 3/(6/p). Suppose -4*q - 5*z + t = 0, 19 = 2*q + 2*z - 53. What are the prime factors of q?
31
Let y(w) = -3*w**2 - 18*w - 3. Let v(q) = -10*q**2 - 55*q - 10. Let n(z) = -2*v(z) + 7*y(z). What are the prime factors of n(-11)?
2, 3
Suppose 0*o + 7 = o + j, 0 = o - 3*j - 15. Suppose -5*b = -o*b + 76. Let x = -5 + b. List the prime factors of x.
2, 7
Let q(h) = 5*h**2 + 2*h - 2. Let o be q(1). Suppose 4*f = -5*u + 29, o*u - 5*f = 2*u + 10. List the prime factors of u.
5
Let t = -53 - -141. What are the prime factors of t?
2, 11
Let c be 6 + -5 - (-71 + 3). Let a = c - 21. List the prime factors of a.
2, 3
Let f(j) = 738*j - 856. What are the prime factors of f(8)?
2, 631
Suppose -29529 - 14137 = -7*s. What are the prime factors of s?
2, 3119
Suppose -3*w - 30 = -8*w. Suppose -w*z = -8*z. Suppose z = x - v + 4*v - 29, -4*v = -2*x + 18. What are the prime factors of x?
17
Let u(d) = -d**3 - 13*d**2 - 11*d + 10. Let t be u(-12). What are the prime factors of 5*(3 - t*5)?
5, 13
Let c(v) = -v**2 + 12*v + 19. Let g(y) = -y**2 + 4*y - 2. Let z be g(4). Let l = 11 - z. What are the prime factors of c(l)?
2, 3
Suppose 2408 = -19*o + 33*o. List the prime factors of o.
2, 43
Suppose 5*l + 14 + 11 = 0. Let v(d) = -d. Let g be v(l). Suppose 0 = -0*n + 5*n + g*i - 40, 49 = 5*n - 4*i. List the prime factors of n.
3
Let b(s) = -s**3 - 12*s**2 - 3*s + 4. What are the prime factors of b(-15)?
2, 181
Let l(y) = 7*y - 3*y - 7 - 1. Let w = 9 + 2. What are the prime factors of l(w)?
2, 3
Suppose 2*l - 10493 = -3*y, 0*y = 5*y - 5*l - 17480. What are the prime factors of y?
13, 269
Let q(y) = -y**3 + 13*y**2 - 3*y + 5. Let u be q(13). Let w = u - -36. Suppose w*n = 6*n - 288. What are the prime factors of n?
2, 3
List the prime factors of 968394/189 - (-10)/45.
2, 3, 7, 61
Suppose 0 = 19*y - 5*y - 16912. What are the prime factors of y?
2, 151
Suppose -o = -5*m - 8 + 2, -m = 0. Let c = 4 - o. What are the prime factors of (1 + -2)/(c/4)?
2
Let j(k) = -2*k. Suppose 10*z - 8*z = 6. Let l be j(z). Let a = 11 + l. List the prime factors of a.
5
Let n be -2 + 4 + 3*1. Let g = 0 + n. List the prime factors of g.
5
Suppose -2*g + 3 = 1, 0 = -5*f - 4*g + 109. What are the prime factors of 742/f - (-2)/3?
2, 3
Let l = 12 - 21. Let w = l + 9. Suppose w = g - 4*p + 16, g - 2*p + 2 = -g. List the prime factors of g.
2
Suppose -9 = -5*r + 2*r, -3*z - 2*r = -1662. List the prime factors of z.
2, 3, 23
Let i(m) = 5*m**2 - m + 24. Let d(c) = c**2 + 5. Let a(g) = 11*d(g) - 2*i(g). Let z be a(-11). Let l = z - 76. What are the prime factors of l?
2, 3, 5
Suppose 2*r = -5 + 37. Suppose 0 = -4*k + y + 123 + 125, r = 4*y. What are the prime factors of k?
3, 7
Let c = -44 + 11. Let v = 38 + c. Suppose -100 = -v*l - 2*j, 4*l + 0*j - 87 = -3*j. List the prime factors of l.
2, 3
What are the prime factors of (-1)/(-16) - (-1865545)/880?
2, 5, 53
Let s(p) = -15*p**2 - 33*p + 33. Let w(k) = -7*k**2 - 16*k + 17. Let u(g) = -6*s(g) + 13*w(g). What are the prime factors of u(-6)?
47
Let z = -2023 + 4474. List the prime factors of z.
3, 19, 43
Let m(h) = 2*h**2 - 25*h - 9. List the prime factors of m(15).
2, 3, 11
Let q(w) = -14*w**2 - 15*w + 15. Let p be q(1). Let o(x) = -5*x + 0*x - x - 20. List the prime factors of o(p).
2
Suppose -2*p = -1 - 1. What are the prime factors of 0 - -45 - (2 + (0 - p))?
2, 11
Suppose 4*k + 3*m - 202 = 0, 3*k - 4*m - 139 = -0*m. Let w = k + 19. What are the prime factors of w?
2, 17
Suppose -3*s + 0 = -9. Suppose 66 = h + 3*g, h + s*h - 2*g = 250. List the prime factors of h.
3, 7
Let p(k) = -2*k**2 + 101*k + 7. List the prime factors of p(42).
7, 103
Let h(f) = -f**3 + 6*f**2 - 8*f + 11. Let w be h(5). Let v = 1 - w. Suppose -v*j = -48 - 132. List the prime factors of j.
2, 3
Let q = -57